 + 24*x**2 - 16*x + 227. Suppose -425*l - 8176 = -36*l + 1549. Calculate s(l).
2
Let a be 155/(-10) + (-4 - (-54)/12)/(-1). Let y(n) = 4*n + 36. Calculate y(a).
-28
Suppose 0 = b - 3*n - 4, -24*b = -20*b + 2*n - 2. Let o(r) = 2*r - 3. What is o(b)?
-1
Let l(n) = -10*n - 19. Let c be l(-2). Let s(z) = -c - 266*z + 267*z + 4 + z**3 + 7*z**2. Determine s(-7).
-4
Let r(d) be the third derivative of d**4/8 - 2*d**3/3 - 80*d**2 - 7*d. Suppose 4*h = -3*s - 6, 0*s - 2*h = -3*s + 12. Suppose -v - 9 = s*v. Give r(v).
-13
Let j = -2317 - -2319. Let g(a) be the first derivative of -a**3 + 0*a - 2*a**j + 1/4*a**4 - 6. Give g(4).
0
Suppose 312 = -17*s - 139*s. Let t(i) = -2*i**3 - 2*i**2 + 3*i + 5. What is t(s)?
7
Suppose -4*v = 2*y - 86, -2*y + 20 = v - 0*y. Let m = -16 + v. Let t(w) be the first derivative of w**3/3 - 3*w**2 - 3*w - 3. Determine t(m).
-3
Let b(d) = -4*d - 13 + 6*d - 2*d + 5*d. What is b(6)?
17
Let l(y) = y. Suppose 3 = 4*z - j, -z + j = z - 3. Suppose z = -6*x + 12*x - 30. What is l(x)?
5
Let m(c) = -c**2 - 8*c - 7. Suppose -6*i - 4 = -112. Let p = i - 15. Suppose -b - 27 = p*b - l, 0 = -b - 3*l + 3. Determine m(b).
5
Let k(z) = -2. Let s(o) = -2. Let p(j) = 2*k(j) - 3*s(j). Let b(l) = -2*l + 1. Let y(w) = -b(w) + 2*p(w). Calculate y(3).
9
Let l(m) = -5*m + 5. Let u(r) = -11*r + 11. Let q(h) = -9*l(h) + 4*u(h). Let f = 116 - 108. Let y be -1*(f/(-2) - -3). Calculate q(y).
0
Suppose -45*f + 218*f + 68 = -624. Let w(v) = 3*v**3 + 5*v**2 - 4*v - 3. Let i(h) = 16*h**3 + 26*h**2 - 19*h - 14. Let o(t) = -2*i(t) + 11*w(t). Calculate o(f).
3
Let s(r) = -3*r**2 + 17*r + 10. Let a be s(6). Let b be (-304)/57 + a/3. Let i(j) = 2*j**3 + 6*j**2 + j + 4. What is i(b)?
-32
Let w(v) be the first derivative of v**6/120 + v**5/60 - v**4/24 - v**3/2 + 11*v**2/2 - v + 27. Let t(g) be the second derivative of w(g). Give t(0).
-3
Let x(w) = 2*w**2 + w + 1. Let k = 375 + -367. Suppose -k = -60*h + 58*h. Calculate x(h).
37
Let q(h) be the second derivative of 1/6*h**3 + 0 - 2*h + h**2. Suppose -385 = -191*i + 129 + 59. Calculate q(i).
5
Let c(d) = d**3 + 3*d**2 - 7*d - 20. Let p be c(-3). Let z(q) = 80*q + 6. Determine z(p).
86
Let a(j) be the second derivative of -j**8/6720 - j**7/630 - j**6/180 - 3*j**4/2 - 9*j. Let s(q) be the third derivative of a(q). Let w = -5 - -2. Give s(w).
3
Let n(u) be the second derivative of -5*u**3/6 + u**2/2 - 204*u - 2. Suppose -26 + 6 = 4*d. Determine n(d).
26
Let a(r) = r**3 - 22*r**2 + 104*r + 12. Suppose 11*l - 6*l + 2*c - 25 = 0, 0 = 5*l - 4*c - 55. Give a(l).
5
Let d(o) be the first derivative of -2*o**3/3 - 14*o**2 + 32*o + 661. Calculate d(-15).
2
Suppose 455*t = 239*t + 225*t + 9. Let x(k) = 3*k**3 - k + 1. Calculate x(t).
-1
Let x = 93 + -91. Let f(a) be the second derivative of -1/3*a**4 + 1/2*a**2 + 2*a + 0 + 1/3*a**3 + 1/10*a**5. Give f(x).
5
Let u(x) = 17 + 15*x + 13*x + 15*x**2 + 14*x + x**3 + 23*x - 79*x. Determine u(-16).
-15
Let o(j) be the first derivative of 3/4*j**4 + 1/2*j**2 + j**3 - 70 - 2*j. Give o(-2).
-16
Let z(r) be the first derivative of -r**4/4 + 2*r**3/3 + 3*r**2/2 + r - 84. Suppose -2*u - 20 = 8*u. What is z(u)?
11
Let t(x) = x - 15. Let y = 299 - 280. Let u be t(y). Let h(d) = d**3 - 4*d**2 - 2*d + 4. Give h(u).
-4
Let l(a) = -1 - a + 162*a**2 - 314*a**2 + 7*a**3 + 154*a**2. Determine l(2).
61
Let p(s) = -11*s**3 - 3*s + 8*s - 11 + 10*s**2 + 0*s - s**2 + 12*s**3. Let m(g) = 2*g**3 + 2*g**2 + g + 2. Let d be m(-2). Calculate p(d).
13
Suppose -j + 45 = -3*f, 5*f = -4*j + j + 149. Suppose 0 = 4*m - 16 + j. Let b(d) = -64*d - 71*d + 134*d - 5 + d**3 + 8*d**2. Give b(m).
3
Let n(f) = 273*f - 2166. Let l be n(8). Let x(v) = v**2 - 15*v - 90. Give x(l).
-36
Suppose c - 15 = -3*x, 5*c - 55 = -7*x + 2*x. Let q(z) = 21 - 3*z - 4 - 5 + 2*z - c. Calculate q(3).
0
Let i(k) be the third derivative of k**5/10 - 7*k**4/24 - 5*k**3/6 - 16*k**2. Give i(3).
28
Let u(f) be the third derivative of f**4/24 + 7*f**2. Let r(d) = d**2 - 4*d + 5. Let i(c) = r(c) - u(c). Suppose 7*w + 909 = 944. Give i(w).
5
Suppose 67831*s + 25 = 67836*s. Let p(f) = 3 - 6*f - f + 0*f. Give p(s).
-32
Let x(n) = -n - 1. Let f(c) = -c + 6. Let z be f(6). Suppose z = -3*h - 2*p + 19, h = p + p - 7. Suppose -1 = -r + k, 2*r + 13 = -h*k + 2*k. Calculate x(r).
3
Let u(b) = 4*b**3 + 8*b**2 - 2*b + 19. Let q(o) = 7*o**3 + 16*o**2 - 5*o + 39. Let t(g) = -3*q(g) + 5*u(g). Determine t(-9).
14
Let g(x) be the third derivative of x**8/20160 + 11*x**7/5040 + x**6/90 - 17*x**5/10 + x**2 + 7. Let y(m) be the third derivative of g(m). Calculate y(-8).
-16
Let m(x) = x**3 + 8*x**2 - 10*x - 11. Suppose 0 = 5*a + 5*y + 25, 10*a + 30 = 8*a + 3*y. Calculate m(a).
-2
Let n(s) = 3*s**2 - 211*s - 189*s - 7 - 3*s**2 + s**3 + 387*s - 11*s**2. Suppose -4*a + 4 = 0, 0*x + 2*x - 4*a = 20. Determine n(x).
-19
Let h(j) be the first derivative of j**4/4 + 16*j**3/3 + 3*j**2/2 + 31*j - 1841. Determine h(-16).
-17
Let w(n) = 3*n + 38. Let h be w(-16). Let k be h/4*22/(-11). Let o(g) = -g**2 + k - 4 + 4 + g - 2*g. Determine o(0).
5
Let t(i) = -8*i - 15. Let g(l) = -4*l**2 + 2*l + 18. Let m be g(-2). Determine t(m).
1
Let n = 10 - 17. Let y = 2 + n. Let c(a) = -5*a**3 + 15*a**2 - 15*a + 4. Let v(p) = 2*p**3 - 7*p**2 + 7*p - 2. Let s(o) = 3*c(o) + 7*v(o). Determine s(y).
3
Suppose -4*u = 4*k - 4, 25 = 4*k - 4*u - 19. Let b be (9 + -9)*-3*(-1)/k. Suppose b = -8*d + 12*d - 16. Let a(l) = -l**2 + 4*l. What is a(d)?
0
Let f(x) = 5*x**3 + 11*x**2 + 75*x + 97. Let v(o) = 2*o**3 + 4*o**2 + 31*o + 39. Let z(m) = 5*f(m) - 12*v(m). What is z(-7)?
-4
Suppose 956 = 3*y + 2*a, -7*a + 12*a + 970 = 3*y. Let f be y/56 + (-4)/(-14). Let t(v) = -v**2 + 2*v + 17. Give t(f).
-7
Let f be (-1 + 0 + 8)*1. Let p(i) be the second derivative of -5*i**2 + 0 + 1/2*i**3 - 17*i. What is p(f)?
11
Let m(u) = 8*u**3 - 4*u**2 - u - 2. Let l(b) = b**3 - b. Let h(f) = -5*l(f) + m(f). Let d be h(2). Let q(w) = w - 13. What is q(d)?
1
Let m(d) = -2*d**2 - 3*d**2 + 0*d + 1 + 0*d. Let c be 3/((-1)/(2/(-6))). Suppose -2*t - 1 - c = 0. Calculate m(t).
-4
Suppose -3 + 374 = -7*c. Let f = c - -61. Let i(b) = -b**2 + 8*b - 7. What is i(f)?
-7
Let c(w) be the first derivative of -2*w**3/3 + 5*w**2/2 + 6*w + 580. What is c(5)?
-19
Let r(t) be the third derivative of -t**6/120 + 7*t**5/60 - t**4/6 - 11*t**3/6 - 2*t**2 - 6*t + 47. Calculate r(6).
1
Let a(n) = -n**3 - 12*n**2 - 10*n + 19. Suppose 50 = -5*p + i, 0 = p - 3*i + 8*i + 36. Calculate a(p).
8
Let m(p) be the first derivative of p**3/3 - 5*p**2/2 + 4*p + 3808. Suppose 2*d - f = 5, d - 4*f + 0*f + 8 = 0. What is m(d)?
0
Suppose -5*k = 10*a - 13*a + 42, k = -6. Let g(w) = w**2 + 6*w - 29. Determine g(a).
11
Let v be ((-3)/9)/((-125)/30 + 4). Suppose 5*w + 10*y - 13 = 14*y, 0 = -5*w - v*y + 1. Let p(i) = -22*i**3 + 2*i**2 - 1. Calculate p(w).
-21
Let h(l) be the first derivative of -l**4/4 + 13*l**3/3 + 17*l**2/2 - 56*l - 2739. Calculate h(14).
-14
Suppose 10*w + 438 = 408. Let b(c) = -24*c - 75. What is b(w)?
-3
Let o(x) = x**2 - 4*x. Let q be o(3). Let z(k) = -5*k + 77. Suppose 10*u - 11 = 9*u. Let m(r) = -r + 14. Let l(c) = u*m(c) - 2*z(c). Calculate l(q).
3
Let r(k) be the first derivative of -29*k**2/2 - 269*k + 350. Calculate r(-9).
-8
Let v be 9/12 + (-30)/40*8/8. Let o(l) = -l**3 - l**2 + 95. Give o(v).
95
Suppose -4*a - 3*i = -23, 423*a + 21 = 421*a + 5*i. Let v(u) = 26*u - 58. Determine v(a).
-6
Let a(l) be the third derivative of l**5/60 - l**3/3 - 1122*l**2. Let i = -4 + 5. Suppose -3 + i = c. What is a(c)?
2
Suppose -n - 4*n - 20 = -4*i, 0 = 4*n + 4*i - 20. Suppose 3*x - 2 - 7 = n. Let k(a) = a**3 - 4*a**2 + 4*a + 1. Give k(x).
4
Let n be 4/(-12)*9 + 7. Let i(k) = 14*k - 60. Let x be i(n). Let a(h) = -6*h - 1 - 2 - 3. Calculate a(x).
18
Let m(k) be the third derivative of k**6/120 + k**5/60 - 11*k**4/24 + 5*k**3/6 + 255*k**2 + 15*k. Give m(-4).
1
Let y be (-3546)/24 - 1/4. Let i = -135 - y. Let j(n) = -14 - i*n - 15*n + 29*n. What is j(7)?
-7
Let b(m) = m**3 + 6*m**2 + 6*m - 4. Suppose v + 95 = -o, 359 = -4*v + 6*o - 3*o. Let w = 87 + v. Give b(w).
-9
Let z be 236/7 - (-6)/21. Let f(s) = z*s + 28*s + 7 - 66*s. Determine f(5).
-13
Suppose -12 = -4*i - 0. Let m = -52 - -56. Let u(c) = -18*c + m + 11*c - 4*c**2 + 4*c + c**3 + c**2. What is u(i)?
-5
Let x(